{"id":233,"date":"2023-11-07T10:00:11","date_gmt":"2023-11-07T09:00:11","guid":{"rendered":"https:\/\/photo-apic.fr\/?page_id=233"},"modified":"2023-11-28T12:58:09","modified_gmt":"2023-11-28T11:58:09","slug":"2022-2023","status":"publish","type":"page","link":"https:\/\/www.photo-apic.fr\/index.php\/2022-2023\/","title":{"rendered":"2022-2023"},"content":{"rendered":"\n<h3 class=\"wp-block-heading\"><a href=\"https:\/\/www.photo-apic.fr\/index.php\/2023-guerande\/\" data-type=\"page\" data-id=\"732\">Mai 2023 &#8211; Stage Photo \u00e0 Gu\u00e9rande et dans les marais de Bri\u00e8re.<\/a><\/h3>\n\n\n\n<div class=\"wp-block-columns is-layout-flex wp-container-core-columns-is-layout-28f84493 wp-block-columns-is-layout-flex\">\n<div class=\"wp-block-column is-vertically-aligned-center is-layout-flow wp-block-column-is-layout-flow\" style=\"flex-basis:50%\">\n<p>Ce stage en Bretagne avait plusieurs objectifs : Les oiseaux, les marais, les paysages et les monuments sans oublier les couchers de soleil sur les marais et l\u2019oc\u00e9an.<\/p>\n\n\n\n<p class=\"has-text-align-right\"><a href=\"https:\/\/www.photo-apic.fr\/index.php\/2023-guerande\/\" data-type=\"page\" data-id=\"732\">Galerie<\/a><\/p>\n<\/div>\n\n\n\n<div class=\"wp-block-column is-layout-flow wp-block-column-is-layout-flow\" style=\"flex-basis:50%\">\n<div class=\"alignnormal\"><div id=\"metaslider-id-258\" style=\"max-width: 300px; margin: 0 auto;\" class=\"ml-slider-3-27-14 metaslider metaslider-flex metaslider-258 ml-slider nav-hidden\">\n    <div id=\"metaslider_container_258\">\n        <div id=\"metaslider_258\" class=\"flexslider\">\n            <ul aria-live=\"polite\" class=\"slides\">\n                <li style=\"display: block; width: 100%;\" class=\"slide-259 ms-image\"><img loading=\"lazy\" decoding=\"async\" src=\"https:\/\/www.photo-apic.fr\/wp-content\/uploads\/2023\/11\/13-Marais-de-Briere-289-scaled-300x0.jpg\" height=\"000\" width=\"300\" alt=\"\" class=\"slider-258 slide-259\" title=\"13 Marais de Briere 289\" \/><div class=\"caption-wrap\"><div class=\"caption\">Marais de Briere<\/div><\/div><\/li>\n                <li style=\"display: none; width: 100%;\" class=\"slide-260 ms-image\"><img loading=\"lazy\" decoding=\"async\" src=\"https:\/\/www.photo-apic.fr\/wp-content\/uploads\/2023\/11\/13-Marais-de-Briere-120-scaled-300x0.jpg\" height=\"000\" width=\"300\" alt=\"\" class=\"slider-258 slide-260\" title=\"13 Marais de Briere 120\" \/><div class=\"caption-wrap\"><div class=\"caption\">Marais de Briere<\/div><\/div><\/li>\n                <li style=\"display: none; width: 100%;\" class=\"slide-261 ms-image\"><img loading=\"lazy\" decoding=\"async\" src=\"https:\/\/www.photo-apic.fr\/wp-content\/uploads\/2023\/11\/12-Guerande-033-scaled-300x0.jpg\" height=\"000\" width=\"300\" alt=\"\" class=\"slider-258 slide-261\" title=\"12 Guerande 033\" \/><div class=\"caption-wrap\"><div class=\"caption\">Guerande<\/div><\/div><\/li>\n                <li style=\"display: none; width: 100%;\" class=\"slide-262 ms-image\"><img loading=\"lazy\" decoding=\"async\" src=\"https:\/\/www.photo-apic.fr\/wp-content\/uploads\/2023\/11\/11-Kervalet-014-scaled-300x0.jpg\" height=\"000\" width=\"300\" alt=\"Kervalet\" class=\"slider-258 slide-262\" title=\"11 Kervalet 014\" \/><div class=\"caption-wrap\"><div class=\"caption\">Les marais salants<\/div><\/div><\/li>\n                <li style=\"display: none; width: 100%;\" class=\"slide-263 ms-image\"><img loading=\"lazy\" decoding=\"async\" src=\"https:\/\/www.photo-apic.fr\/wp-content\/uploads\/2023\/11\/10-Piriac-sur-Mer-004-scaled-300x0.jpg\" height=\"000\" width=\"300\" alt=\"\" class=\"slider-258 slide-263\" title=\"10 Piriac-sur-Mer 004\" \/><div class=\"caption-wrap\"><div class=\"caption\">Piriac sur mer<\/div><\/div><\/li>\n                <li style=\"display: none; width: 100%;\" class=\"slide-264 ms-image\"><img loading=\"lazy\" decoding=\"async\" src=\"https:\/\/www.photo-apic.fr\/wp-content\/uploads\/2023\/11\/08-Guerande-038-HDR-scaled-300x0.jpg\" height=\"000\" width=\"300\" alt=\"\" class=\"slider-258 slide-264\" title=\"08 Guerande 038-HDR\" \/><div class=\"caption-wrap\"><div class=\"caption\">Guerande<\/div><\/div><\/li>\n                <li style=\"display: none; width: 100%;\" class=\"slide-265 ms-image\"><img loading=\"lazy\" decoding=\"async\" src=\"https:\/\/www.photo-apic.fr\/wp-content\/uploads\/2023\/11\/08-Guerande-022-HDR-scaled-300x0.jpg\" height=\"000\" width=\"300\" alt=\"\" class=\"slider-258 slide-265\" title=\"08 Guerande 022-HDR\" \/><div class=\"caption-wrap\"><div class=\"caption\">Guerande<\/div><\/div><\/li>\n                <li style=\"display: none; width: 100%;\" class=\"slide-266 ms-image\"><img loading=\"lazy\" decoding=\"async\" src=\"https:\/\/www.photo-apic.fr\/wp-content\/uploads\/2023\/11\/07-Le-Croisic-074-HDR-scaled-300x0.jpg\" height=\"000\" width=\"300\" alt=\"\" class=\"slider-258 slide-266\" title=\"07 Le Croisic 074-HDR\" \/><div class=\"caption-wrap\"><div class=\"caption\">Le Croisic<\/div><\/div><\/li>\n                <li style=\"display: none; width: 100%;\" class=\"slide-267 ms-image\"><img loading=\"lazy\" decoding=\"async\" src=\"https:\/\/www.photo-apic.fr\/wp-content\/uploads\/2023\/11\/06-Terre-de-Sel-112-300x0.jpg\" height=\"000\" width=\"300\" alt=\"\" class=\"slider-258 slide-267\" title=\"06 Terre de Sel 112\" \/><div class=\"caption-wrap\"><div class=\"caption\">Les marais salants<\/div><\/div><\/li>\n                <li style=\"display: none; width: 100%;\" class=\"slide-268 ms-image\"><img loading=\"lazy\" decoding=\"async\" src=\"https:\/\/www.photo-apic.fr\/wp-content\/uploads\/2023\/11\/06-Terre-de-Sel-093-scaled-300x0.jpg\" height=\"000\" width=\"300\" alt=\"\" class=\"slider-258 slide-268\" title=\"06 Terre de Sel 093\" \/><div class=\"caption-wrap\"><div class=\"caption\">Les marais salants<\/div><\/div><\/li>\n                <li style=\"display: none; width: 100%;\" class=\"slide-269 ms-image\"><img loading=\"lazy\" decoding=\"async\" src=\"https:\/\/www.photo-apic.fr\/wp-content\/uploads\/2023\/11\/06-Terre-de-Sel-046-300x0.jpg\" height=\"000\" width=\"300\" alt=\"\" class=\"slider-258 slide-269\" title=\"06 Terre de Sel 046\" \/><div class=\"caption-wrap\"><div class=\"caption\">Les marais salants<\/div><\/div><\/li>\n                <li style=\"display: none; width: 100%;\" class=\"slide-270 ms-image\"><img loading=\"lazy\" decoding=\"async\" src=\"https:\/\/www.photo-apic.fr\/wp-content\/uploads\/2023\/11\/05-Guerande-027-scaled-300x0.jpg\" height=\"000\" width=\"300\" alt=\"\" class=\"slider-258 slide-270\" title=\"05 Guerande 027\" \/><div class=\"caption-wrap\"><div class=\"caption\">Guerande<\/div><\/div><\/li>\n                <li style=\"display: none; width: 100%;\" class=\"slide-271 ms-image\"><img loading=\"lazy\" decoding=\"async\" src=\"https:\/\/www.photo-apic.fr\/wp-content\/uploads\/2023\/11\/03-Kerhinet-049-scaled-300x0.jpg\" height=\"000\" width=\"300\" alt=\"\" class=\"slider-258 slide-271\" title=\"03 Kerhinet 049\" \/><div class=\"caption-wrap\"><div class=\"caption\">Kerhinet<\/div><\/div><\/li>\n                <li style=\"display: none; width: 100%;\" class=\"slide-272 ms-image\"><img loading=\"lazy\" decoding=\"async\" src=\"https:\/\/www.photo-apic.fr\/wp-content\/uploads\/2023\/11\/02-La-Turballe-079-scaled-300x0.jpg\" height=\"000\" width=\"300\" alt=\"\" class=\"slider-258 slide-272\" title=\"02 La Turballe 079\" \/><div class=\"caption-wrap\"><div class=\"caption\">La Turballe<\/div><\/div><\/li>\n                <li style=\"display: none; width: 100%;\" class=\"slide-273 ms-image\"><img loading=\"lazy\" decoding=\"async\" src=\"https:\/\/www.photo-apic.fr\/wp-content\/uploads\/2023\/11\/02-La-Turballe-064-1-scaled-300x0.jpg\" height=\"000\" width=\"300\" alt=\"\" class=\"slider-258 slide-273\" title=\"02 La Turballe 064\" \/><div class=\"caption-wrap\"><div class=\"caption\">La Turballe<\/div><\/div><\/li>\n                <li style=\"display: none; width: 100%;\" class=\"slide-274 ms-image\"><img loading=\"lazy\" decoding=\"async\" src=\"https:\/\/www.photo-apic.fr\/wp-content\/uploads\/2023\/11\/01-Guerande-021-Modifier-Modifier-scaled-300x0.jpg\" height=\"000\" width=\"300\" alt=\"\" class=\"slider-258 slide-274\" title=\"01 Guerande 021-Modifier-Modifier\" \/><\/li>\n                <li style=\"display: none; width: 100%;\" class=\"slide-275 ms-image\"><img loading=\"lazy\" decoding=\"async\" src=\"https:\/\/www.photo-apic.fr\/wp-content\/uploads\/2023\/11\/01-Guerande-008-scaled-300x0.jpg\" height=\"000\" width=\"300\" alt=\"\" class=\"slider-258 slide-275\" title=\"01 Guerande 008\" \/><div class=\"caption-wrap\"><div class=\"caption\">Guerande<\/div><\/div><\/li>\n            <\/ul>\n        <\/div>\n        \n    <\/div>\n<\/div><\/div>\n<\/div>\n<\/div>\n\n\n\n<hr class=\"wp-block-separator has-alpha-channel-opacity is-style-wide\" style=\"margin-top:var(--wp--preset--spacing--80);margin-bottom:var(--wp--preset--spacing--80)\"\/>\n\n\n\n<h3 class=\"wp-block-heading\">Octobre 2022 \u2013 Le ch\u00e2teau de Chantilly &#8211; vid\u00e9o<\/h3>\n\n\n\n<div class=\"wp-block-columns is-layout-flex wp-container-core-columns-is-layout-28f84493 wp-block-columns-is-layout-flex\">\n<div class=\"wp-block-column is-layout-flow wp-block-column-is-layout-flow\" style=\"flex-basis:50%\">\n<figure class=\"wp-block-video\"><video height=\"270\" style=\"aspect-ratio: 480 \/ 270;\" width=\"480\" controls src=\"https:\/\/photo-apic.fr\/wp-content\/uploads\/2023\/11\/01-intro-final.mp4\"><\/video><\/figure>\n<\/div>\n\n\n\n<div class=\"wp-block-column is-vertically-aligned-center is-layout-flow wp-block-column-is-layout-flow\" style=\"flex-basis:50%\">\n<p>L\u2019atelier vid\u00e9o s\u2019est d\u00e9plac\u00e9 au ch\u00e2teau pour r\u00e9aliser son film de l\u2019ann\u00e9e.<\/p>\n\n\n\n<p>Le temps n&rsquo;\u00e9tais pas avec nous, mais qu&rsquo;importe !<\/p>\n\n\n\n<p>Voici un court extrait du r\u00e9sultat<\/p>\n<\/div>\n<\/div>\n","protected":false},"excerpt":{"rendered":"<p>Mai 2023 &#8211; Stage Photo \u00e0 Gu\u00e9rande et dans les marais de Bri\u00e8re. Ce stage en Bretagne avait plusieurs objectifs : Les oiseaux, les marais, les paysages et les monuments sans oublier les couchers de soleil sur les marais et l\u2019oc\u00e9an. Galerie Octobre 2022 \u2013 Le ch\u00e2teau de Chantilly &#8211; vid\u00e9o L\u2019atelier vid\u00e9o s\u2019est d\u00e9plac\u00e9 &hellip;<\/p>\n<p class=\"read-more\"> <a class=\"\" href=\"https:\/\/www.photo-apic.fr\/index.php\/2022-2023\/\"> <span class=\"screen-reader-text\">2022-2023<\/span> Lire la suite\u00a0\u00bb<\/a><\/p>\n","protected":false},"author":3,"featured_media":0,"parent":0,"menu_order":0,"comment_status":"closed","ping_status":"closed","template":"","meta":{"site-sidebar-layout":"default","site-content-layout":"default","ast-global-header-display":"","ast-main-header-display":"","ast-hfb-above-header-display":"","ast-hfb-below-header-display":"","ast-hfb-mobile-header-display":"","site-post-title":"disabled","ast-breadcrumbs-content":"","ast-featured-img":"","footer-sml-layout":"","theme-transparent-header-meta":"","adv-header-id-meta":"","stick-header-meta":"","header-above-stick-meta":"","header-main-stick-meta":"","header-below-stick-meta":"","footnotes":""},"folder":[],"class_list":["post-233","page","type-page","status-publish","hentry"],"_links":{"self":[{"href":"https:\/\/www.photo-apic.fr\/index.php\/wp-json\/wp\/v2\/pages\/233","targetHints":{"allow":["GET"]}}],"collection":[{"href":"https:\/\/www.photo-apic.fr\/index.php\/wp-json\/wp\/v2\/pages"}],"about":[{"href":"https:\/\/www.photo-apic.fr\/index.php\/wp-json\/wp\/v2\/types\/page"}],"author":[{"embeddable":true,"href":"https:\/\/www.photo-apic.fr\/index.php\/wp-json\/wp\/v2\/users\/3"}],"replies":[{"embeddable":true,"href":"https:\/\/www.photo-apic.fr\/index.php\/wp-json\/wp\/v2\/comments?post=233"}],"version-history":[{"count":14,"href":"https:\/\/www.photo-apic.fr\/index.php\/wp-json\/wp\/v2\/pages\/233\/revisions"}],"predecessor-version":[{"id":805,"href":"https:\/\/www.photo-apic.fr\/index.php\/wp-json\/wp\/v2\/pages\/233\/revisions\/805"}],"wp:attachment":[{"href":"https:\/\/www.photo-apic.fr\/index.php\/wp-json\/wp\/v2\/media?parent=233"}],"wp:term":[{"taxonomy":"folder","embeddable":true,"href":"https:\/\/www.photo-apic.fr\/index.php\/wp-json\/wp\/v2\/folder?post=233"}],"curies":[{"name":"wp","href":"https:\/\/api.w.org\/{rel}","templated":true}]}}